
2
Suppose 2*b = -3*u + 218, 91 = u - 3*b - 0*b. What is the tens digit of u?
7
Suppose -2*k = -8 + 4. What is the tens digit of 16 - (k - 2 - -1)?
1
Let u(q) be the second derivative of -11*q**3/3 - 5*q**2/2 - 3*q. What is the tens digit of u(-2)?
3
Let k(u) = u**2 - 16*u + 17. Let q be k(15). Suppose 3*w + 0*w - q*f - 93 = 0, 0 = 2*f + 6. What is the units digit of w?
9
What is the units digit of 715/33 - 2/(-6)?
2
What is the tens digit of 16/40 - (-73)/5?
1
Suppose 0*f - f - 2*o + 4 = 0, -f - 5*o + 19 = 0. Let i(y) be the second derivative of -y**4/12 - 3*y**3/2 - 7*y**2/2 + y. What is the tens digit of i(f)?
1
Let k(z) = 7*z**2 - 2*z - 1. Suppose 3*g = 4*s - 11, -3*s - 6*g = -g + 28. Let w be k(s). Suppose 3*u - 7 = w. What is the units digit of u?
5
Let p(j) = 4*j**2 + 5*j - 4. What is the units digit of p(5)?
1
Let w be (-2)/2 + (-3 - -5). Let b = w - -7. What is the units digit of b?
8
Suppose 0 = 3*v + 4*r - 67, r - 80 = -4*v + 5*r. Suppose 0 = 2*t + 5*b - 41, t + 4*b = v + 1. What is the units digit of t?
8
Let m be 2/(-4) + (-182)/(-4). Let j = m - 22. What is the units digit of j?
3
Let f be (-8)/(-6) - (-2)/3. Suppose -3*t = -f*o + 5, o = 2*o + 2*t - 13. Let w = 14 - o. What is the units digit of w?
7
Suppose -6 = -2*c, c + 9 = -2*v + 4*c. Let s(f) = -f**2 + 5. Let l be s(v). Suppose -5*d - 78 - 27 = -l*i, d = -2*i + 33. What is the units digit of i?
8
Let i(b) = -b - 2. Let z = -8 - -3. What is the units digit of i(z)?
3
Let h be (-7)/(2/(-6)*-1). Let u be h/9*2*-3. Let p = -7 + u. What is the units digit of p?
7
Let x(m) = -m**3 + 5*m**2 + 5*m - 6. Let l(q) = q**3 - 6*q**2 - 6*q + 7. Let p(y) = -4*l(y) - 5*x(y). Let i be p(0). What is the units digit of 21/i*2/3?
7
Let y(p) be the third derivative of p**6/30 - p**4/12 + p**3/6 + 2*p**2. Let q be y(1). Suppose 4*k + 12 = -c + q*c, -c = -k - 11. What is the tens digit of c?
1
Suppose -q + 10 = -6*q. What is the units digit of q + -3*30/(-9)?
8
Let v be 28 - (-2 + 4 - 1). Suppose 0 = -4*x + v - 3. What is the tens digit of (-9)/x*(-52)/6?
1
Suppose -12 = -3*d - 3*o, -3*d - 5*o + 6 + 6 = 0. Suppose -5*p + 7 = 4*a, -d*a = -2*p + 28 - 70. What is the units digit of a?
8
Suppose 4*v = -3*f + 146 + 262, -2*f - 5*v = -265. What is the units digit of f?
0
Suppose p - 3*p = -68. What is the tens digit of p?
3
Suppose -q - 3*y + y = 16, -3*q - 32 = 2*y. Let a = 2 - q. What is the tens digit of a?
1
Let v = 3 + 33. What is the units digit of v?
6
Let s(i) = -i - 1. Let x be s(0). What is the units digit of (-2)/x - (-7 - -1)?
8
Let g(b) = 5*b**3 + 6*b**2 - 4*b - 6. Let c(n) = n**3. Let w(s) = -4*c(s) + g(s). What is the tens digit of w(-6)?
1
Suppose -346 + 43 = -3*y. What is the hundreds digit of y?
1
Let y be (3/(-4))/((-5)/20). Suppose 2*h - 20 = -y*h. What is the units digit of h?
4
Let x = -28 - -123. Suppose -3*d = 2*d - x. What is the tens digit of d?
1
Let i(m) = -14*m + 28. What is the tens digit of i(-3)?
7
Let d = -55 + 39. What is the units digit of -1 + (-1 - 1 - d)?
3
Let i(j) = 3*j**2 + 3*j + 7. Let t(r) = -2*r**2 - 2*r - 5. Let u(f) = -5*i(f) - 7*t(f). Let d be u(0). Suppose d*z = -4*z + 24. What is the units digit of z?
6
What is the units digit of ((-10)/25)/((-1)/20)?
8
What is the tens digit of (-4)/((-4)/(2*54))?
0
What is the units digit of 1 - -3 - (-687)/3?
3
Suppose -2*o + 50 = 3*o - 5*l, 0 = -3*o - 4*l - 5. Let j = o - -11. What is the tens digit of j?
1
Let r = 45 + 31. What is the tens digit of r?
7
Let f(g) be the second derivative of g**6/120 - g**5/15 + g**4/24 + g**2/2 - g. Let d(q) be the first derivative of f(q). What is the units digit of d(4)?
4
Let u(l) = -l**2 - 5*l + 3. Let q be u(-4). Let k = q + 0. What is the units digit of k?
7
What is the units digit of (-2 + ((-232)/(-6) - 2))*9?
2
Let w(o) = 3*o - 1. Let z be w(1). Suppose 5*s + z*v - 8 = 0, 3*s = v - 0*v - 4. Suppose 7 = y - s. What is the units digit of y?
7
Suppose -m - 14 = -r, -m = 2*r - 2*m - 31. What is the units digit of r?
7
Suppose -2*h - 2*t + 5 = 3, 5*h - 19 = 2*t. What is the units digit of h?
3
Let n = -185 - -272. What is the units digit of n?
7
Let x = 74 - -81. What is the hundreds digit of x?
1
Suppose 0 = 2*j + 3 + 1. Let g = 3 + j. What is the units digit of -1 + g - (-2 + -7)?
9
Let k = -1 - -3. Let u(b) = b - 1. What is the units digit of u(k)?
1
Let v(a) = 52*a - 6. What is the units digit of v(2)?
8
Let x(z) = z - 1. Let k be x(9). Let v be (2 + -1)*2*k. Suppose -4*o = -v - 4. What is the units digit of o?
5
Suppose -5*m + 155 = -0*m - 5*b, 0 = 3*m - b - 87. What is the units digit of (-3)/(-7) - (-128)/m?
5
Suppose -14*d + 9*d = -40. Suppose 2*b - d = b. What is the units digit of b?
8
Let d(v) = -10*v**3 + 13*v**2 + 3*v + 2. Let s(b) = 7*b**3 - 9*b**2 - 2*b - 1. Let q(p) = -5*d(p) - 7*s(p). What is the units digit of q(3)?
3
Let s = -76 + 153. What is the tens digit of s?
7
Let q(f) = f + 7. Let u = 7 - 15. Let s be q(u). Let m = s + 5. What is the units digit of m?
4
Suppose -2*r + 35 = 3*r. Let b(u) = -u**2 + 10*u - 7. What is the tens digit of b(r)?
1
Suppose -s - 233 = -m, 5*m = -0*s - 5*s + 1185. What is the units digit of m?
5
Let w = -15 + 26. Suppose -5*z = -19 - w. What is the units digit of z?
6
Suppose 7*s - 327 = 72. What is the units digit of s?
7
Let i = -6 + 15. What is the tens digit of 6/i*(16 + -1)?
1
Suppose -3*n + 25 = 3*s - 29, -4*n + 32 = -4*s. Let u = -16 + 34. Let m = u - n. What is the units digit of m?
5
Suppose -15 = 5*s, 0 = 5*w + 2*s - 175 - 194. What is the tens digit of w?
7
Let o(v) = v**3 - 14*v**2 + 12*v + 13. Let k be o(13). Suppose k = 4*j - 20, -4*j + 74 = 2*q - 0*j. What is the units digit of q?
7
Suppose k = 4*p - 26 - 81, 2*p - 3*k = 41. What is the tens digit of p?
2
Let a(z) = z - 2. Let y be a(-1). What is the units digit of y*4/(-2) + -2?
4
Let x(t) = 10*t + 6. Let v be x(-4). Let f = v + 86. What is the units digit of f?
2
Let b = 14 - 10. Suppose 0 = -p - b*p + 20. Let c = 6 + p. What is the tens digit of c?
1
Suppose -3*d = -h + 4*h + 6, -2 = h + 4*d. What is the units digit of -2 + 4 - (-3 + h)?
7
Let o(n) = -5 - 13*n - 10 - n**2 + 12. What is the tens digit of o(-9)?
3
Let c(j) = 7*j - 5. Let v be c(4). Let w = v - 2. What is the units digit of w?
1
Let a = -80 - -161. Suppose -2*z = z - a. What is the units digit of z?
7
What is the tens digit of 4/(-1) + 35/1?
3
Let z(s) = 6*s - 6. What is the tens digit of z(19)?
0
Suppose -241 = 3*f - 934. What is the hundreds digit of f?
2
Let m(w) = -69*w**2 - w. Let c be m(1). Let r be c/1*(-30)/25. What is the tens digit of ((-5)/15)/((-2)/r)?
1
What is the tens digit of (16 - 9/(-3))*1?
1
Suppose 11 = r - 2. What is the tens digit of r?
1
Let f(n) = 9*n**2 + 3*n - 1. Let c(r) = -5*r**2 - r + 1. Let h(o) = -7*c(o) - 4*f(o). What is the units digit of h(-2)?
3
Suppose 2*q - 2*t + 30 = -t, 0 = -2*q + 3*t - 34. Let u = -2 - q. What is the tens digit of u?
1
Suppose -1 = 2*h - 7, 2*o - 3 = h. Let r(w) = 2*w. What is the units digit of r(o)?
6
Let z = -148 - -261. What is the hundreds digit of z?
1
Let r(s) = s**3 + 12*s**2 + 2*s + 13. What is the tens digit of r(-11)?
1
Let f = 76 - 0. What is the units digit of f?
6
Let v = 9 + -9. Suppose -3*c - 5 = -2, -3*i - 3*c + 9 = v. Suppose -3*w - 2*w = -3*a - 74, -i = -w - 3*a. What is the tens digit of w?
1
What is the units digit of 1036*(5 + (-114)/24)?
9
Suppose 5*g - 322 = 5*f + 188, -5*g + 522 = f. What is the units digit of g?
4
Suppose 2*i - 2 = 146. What is the tens digit of i?
7
Suppose 3*b - 2 = -p, -5*p + b + 4*b + 10 = 0. Suppose 0*n + 32 = 4*n - p*g, 5*n + 3*g - 51 = 0. Suppose -n = -2*l + 1. What is the units digit of l?
5
Let j(i) = -i**3 + i + 37. Let d(o) = -o + 5. Let w be d(5). Let v be j(w). Suppose -4*m - v = -3*x, 3*x - 5*m = -0*m + 41. What is the units digit of x?
7
Let m(i) = i**3 - 2*i**2 - 2*i - 1. Let f be m(-1). Let b be (f/6)/(4/(-72)). Suppose 0 = -3*z + 6*z - b. What is the units digit of z?
2
Suppose g - 79 = -0*g. What is the tens digit of g?
7
Let b = 108 - 72. Suppose -2*l + 3*c = 4, -2*c = -4*l - 7*c + b. What is the units digit of l?
4
Let d(x) = 3*x - 14. What is the tens digit of d(8)?
1
Let v = 45 - 12. What is the units digit of v?
3
What is the tens digit of (-75*(-6)/(-9))/(2/(-4))?
0
Let h = 